{"id":9957,"date":"2026-02-22T21:53:50","date_gmt":"2026-02-22T21:53:50","guid":{"rendered":"https:\/\/www.aersp.pt\/portal\/?page_id=9957"},"modified":"2026-02-22T22:39:26","modified_gmt":"2026-02-22T22:39:26","slug":"giaa-gabinete-de-informacao","status":"publish","type":"page","link":"https:\/\/www.aersp.pt\/portal\/giaa-gabinete-de-informacao\/","title":{"rendered":"GIAA (Gabinete de Informa\u00e7\u00e3o)"},"content":{"rendered":"\n<p>O Gabinete de Informa\u00e7\u00e3o e Apoio ao Aluno (GIAA) \u00e9 uma estrutura de apoio aos alunos no \u00e2mbito da educa\u00e7\u00e3o para a sa\u00fade e educa\u00e7\u00e3o sexual.<br>De acordo com o estipulado na Lei n.\u00ba 60\/2009, de 6 de agosto, artigo 10\u00ba, os agrupamentos de escolas devem disponibilizar aos alunos um gabinete de informa\u00e7\u00e3o e apoio no \u00e2mbito da educa\u00e7\u00e3o para a sa\u00fade e educa\u00e7\u00e3o sexual. O atendimento e funcionamento do respetivo gabinete de informa\u00e7\u00e3o e apoio s\u00e3o assegurados por profissionais com forma\u00e7\u00e3o nas \u00e1reas da educa\u00e7\u00e3o para a sa\u00fade e educa\u00e7\u00e3o sexual.<br>A escola disponibiliza um espa\u00e7o condigno para funcionamento do gabinete, que garanta a confidencialidade aos seus utilizadores.<br>O hor\u00e1rio de atendimento aos alunos ser\u00e1 ajustado, anualmente \u00e0s necessidades\/disponibilidades do agrupamento e afixado na porta da sala do Gabinete de Informa\u00e7\u00e3o e Apoio ao Aluno (sala 13 do bloco A).<br><\/p>\n\n\n\n<p>Neste ano letivo, o gabinete de informa\u00e7\u00e3o e apoio funciona no seguinte hor\u00e1rio:<br>ter\u00e7a feira &#8211; das 9:35h \u00e0s 11:30h<br>quarta feira &#8211; das 10:40h \u00e0s 11:30h<br>sexta feira &#8211; das 10:40h \u00e0s 11:30h<\/p>\n\n\n\n<p><br>A Coordenador \u00e9 a professora Maria Jos\u00e9 Toscano Cameira, nomeada pela Diretora para coordenar a equipa PES, com forma\u00e7\u00e3o adequada, nomeadamente em Educa\u00e7\u00e3o Sexual em Meio Escolar.<br>A Coordenadora \u00e9 respons\u00e1vel pela coordena\u00e7\u00e3o da equipa e pela articula\u00e7\u00e3o com a Diretora do Agrupamento, Diretores de Turma e com outras estruturas consideradas relevantes, no acompanhamento especializado do aluno, mesmo aquelas que forem \u00fateis ao processo e exteriores ao Agrupamento.<\/p>\n\n\n\n<p><br>O GIAA tem como objetivos:<br>a) Disponibilizar um espa\u00e7o onde os alunos podem encontrar aconselhamento, apoio,<br>informa\u00e7\u00e3o e forma\u00e7\u00e3o na \u00e1rea da sa\u00fade\/sexualidade;<br>b) Contribuir para a promo\u00e7\u00e3o da educa\u00e7\u00e3o para a sa\u00fade da popula\u00e7\u00e3o escolar;<br>c) Garantir um clima de escola estimulante e que proporcione autoestima;<br>d) Criar condi\u00e7\u00f5es de promo\u00e7\u00e3o do sucesso escolar e educativo;<br>e) Dar resposta \u00e0s principais d\u00favidas dos jovens na \u00e1rea da Sa\u00fade\/sexualidade, consumo de subst\u00e2ncias prejudiciais \u00e0 sa\u00fade e outros problemas relacionados com a adolesc\u00eancia;<br>f) Contribuir para a preven\u00e7\u00e3o das doen\u00e7as sexualmente transmiss\u00edveis e gravidezes<br>indesejadas;<br>g) Desenvolver atitudes de toler\u00e2ncia, solidariedade e respeito m\u00fatuo, contribuindo para a<br>realiza\u00e7\u00e3o integral do jovem;<br>h) Disponibilizar recursos com materiais informativos diversos (panfletos, livros, jogos\u2026)<br>i) Estabelecer parcerias com institui\u00e7\u00f5es locais, reconhecendo os seus servi\u00e7os enquanto<br>suporte\/refor\u00e7o educativo e formativo;<br>j) Mediar conflitos entre os alunos e os restantes membros da comunidade escolar;<br>k) Coadjuvar nas situa\u00e7\u00f5es indiciadoras de abandono escolar;<br>l) Prevenir comportamentos de risco.<\/p>\n\n\n\n<div style=\"height:9px\" aria-hidden=\"true\" class=\"wp-block-spacer\"><\/div>\n\n\n\n<p>A Coordenadora do PES<\/p>\n\n\n\n<p>Prof\u00aa Maria Jos\u00e9 Toscano Cameira<\/p>\n\n\n\n<div style=\"height:27px\" aria-hidden=\"true\" class=\"wp-block-spacer\"><\/div>\n\n\n\n<div data-wp-interactive=\"core\/file\" class=\"wp-block-file\"><object data-wp-bind--hidden=\"!state.hasPdfPreview\" hidden class=\"wp-block-file__embed\" data=\"https:\/\/www.aersp.pt\/portal\/wp-content\/uploads\/2026\/02\/CARTAZ-Gabinete-de-Informacao-e-Apoio-ao-Aluno.pdf\" type=\"application\/pdf\" style=\"width:100%;height:600px\" aria-label=\"Incorpora\u00e7\u00e3o de CARTAZ Gabinete de Informa\u00e7\u00e3o e Apoio ao Aluno.\"><\/object><a id=\"wp-block-file--media-f82c3d05-b265-4d6d-aec2-9d36002098f2\" href=\"https:\/\/www.aersp.pt\/portal\/wp-content\/uploads\/2026\/02\/CARTAZ-Gabinete-de-Informacao-e-Apoio-ao-Aluno.pdf\">CARTAZ Gabinete de Informa\u00e7\u00e3o e Apoio ao Aluno<\/a><\/div>\n","protected":false},"excerpt":{"rendered":"<p>O Gabinete de Informa\u00e7\u00e3o e Apoio ao Aluno (GIAA) \u00e9 uma estrutura de apoio aos alunos no \u00e2mbito da educa\u00e7\u00e3o para a sa\u00fade e educa\u00e7\u00e3o&hellip;<\/p>\n","protected":false},"author":1,"featured_media":0,"parent":0,"menu_order":0,"comment_status":"closed","ping_status":"closed","template":"","meta":{"_uag_custom_page_level_css":"","_themeisle_gutenberg_block_has_review":false,"footnotes":""},"class_list":["post-9957","page","type-page","status-publish","hentry"],"uagb_featured_image_src":{"full":false,"thumbnail":false,"medium":false,"medium_large":false,"large":false,"1536x1536":false,"2048x2048":false,"320w":false,"480w":false,"800w":false},"uagb_author_info":{"display_name":"admin","author_link":"https:\/\/www.aersp.pt\/portal\/author\/admin\/"},"uagb_comment_info":0,"uagb_excerpt":"O Gabinete de Informa\u00e7\u00e3o e Apoio ao Aluno (GIAA) \u00e9 uma estrutura de apoio aos alunos no \u00e2mbito da educa\u00e7\u00e3o para a sa\u00fade e educa\u00e7\u00e3o&hellip;","_links":{"self":[{"href":"https:\/\/www.aersp.pt\/portal\/wp-json\/wp\/v2\/pages\/9957","targetHints":{"allow":["GET"]}}],"collection":[{"href":"https:\/\/www.aersp.pt\/portal\/wp-json\/wp\/v2\/pages"}],"about":[{"href":"https:\/\/www.aersp.pt\/portal\/wp-json\/wp\/v2\/types\/page"}],"author":[{"embeddable":true,"href":"https:\/\/www.aersp.pt\/portal\/wp-json\/wp\/v2\/users\/1"}],"replies":[{"embeddable":true,"href":"https:\/\/www.aersp.pt\/portal\/wp-json\/wp\/v2\/comments?post=9957"}],"version-history":[{"count":3,"href":"https:\/\/www.aersp.pt\/portal\/wp-json\/wp\/v2\/pages\/9957\/revisions"}],"predecessor-version":[{"id":9985,"href":"https:\/\/www.aersp.pt\/portal\/wp-json\/wp\/v2\/pages\/9957\/revisions\/9985"}],"wp:attachment":[{"href":"https:\/\/www.aersp.pt\/portal\/wp-json\/wp\/v2\/media?parent=9957"}],"curies":[{"name":"wp","href":"https:\/\/api.w.org\/{rel}","templated":true}]}}