{"id":10073,"date":"2026-02-23T16:49:53","date_gmt":"2026-02-23T16:49:53","guid":{"rendered":"https:\/\/www.aersp.pt\/portal\/?page_id=10073"},"modified":"2026-02-23T16:50:04","modified_gmt":"2026-02-23T16:50:04","slug":"pra","status":"publish","type":"page","link":"https:\/\/www.aersp.pt\/portal\/pra\/","title":{"rendered":"PRA"},"content":{"rendered":"\n<p><strong>Recupera\u00e7\u00e3o das Aprendizagens, Promo\u00e7\u00e3o do Sucesso e Combate \u00e0s Desigualdades (PRA)<\/strong><\/p>\n\n\n<div class=\"wp-block-image\">\n<figure class=\"aligncenter size-large\"><img fetchpriority=\"high\" decoding=\"async\" width=\"724\" height=\"1024\" src=\"https:\/\/www.aersp.pt\/portal\/wp-content\/uploads\/2026\/01\/PRA_AERSP-724x1024.jpg\" alt=\"\" class=\"wp-image-9704\" srcset=\"https:\/\/www.aersp.pt\/portal\/wp-content\/uploads\/2026\/01\/PRA_AERSP-724x1024.jpg 724w, https:\/\/www.aersp.pt\/portal\/wp-content\/uploads\/2026\/01\/PRA_AERSP-212x300.jpg 212w, https:\/\/www.aersp.pt\/portal\/wp-content\/uploads\/2026\/01\/PRA_AERSP-768x1087.jpg 768w, https:\/\/www.aersp.pt\/portal\/wp-content\/uploads\/2026\/01\/PRA_AERSP-320x453.jpg 320w, https:\/\/www.aersp.pt\/portal\/wp-content\/uploads\/2026\/01\/PRA_AERSP-480x679.jpg 480w, https:\/\/www.aersp.pt\/portal\/wp-content\/uploads\/2026\/01\/PRA_AERSP-800x1132.jpg 800w, https:\/\/www.aersp.pt\/portal\/wp-content\/uploads\/2026\/01\/PRA_AERSP.jpg 1080w\" sizes=\"(max-width: 724px) 100vw, 724px\" \/><\/figure><\/div>","protected":false},"excerpt":{"rendered":"<p>Recupera\u00e7\u00e3o das Aprendizagens, Promo\u00e7\u00e3o do Sucesso e Combate \u00e0s Desigualdades (PRA)<\/p>\n","protected":false},"author":1,"featured_media":0,"parent":0,"menu_order":0,"comment_status":"closed","ping_status":"closed","template":"","meta":{"_uag_custom_page_level_css":"","_themeisle_gutenberg_block_has_review":false,"footnotes":""},"class_list":["post-10073","page","type-page","status-publish","hentry"],"uagb_featured_image_src":{"full":false,"thumbnail":false,"medium":false,"medium_large":false,"large":false,"1536x1536":false,"2048x2048":false,"320w":false,"480w":false,"800w":false},"uagb_author_info":{"display_name":"admin","author_link":"https:\/\/www.aersp.pt\/portal\/author\/admin\/"},"uagb_comment_info":0,"uagb_excerpt":"Recupera\u00e7\u00e3o das Aprendizagens, Promo\u00e7\u00e3o do Sucesso e Combate \u00e0s Desigualdades (PRA)","_links":{"self":[{"href":"https:\/\/www.aersp.pt\/portal\/wp-json\/wp\/v2\/pages\/10073","targetHints":{"allow":["GET"]}}],"collection":[{"href":"https:\/\/www.aersp.pt\/portal\/wp-json\/wp\/v2\/pages"}],"about":[{"href":"https:\/\/www.aersp.pt\/portal\/wp-json\/wp\/v2\/types\/page"}],"author":[{"embeddable":true,"href":"https:\/\/www.aersp.pt\/portal\/wp-json\/wp\/v2\/users\/1"}],"replies":[{"embeddable":true,"href":"https:\/\/www.aersp.pt\/portal\/wp-json\/wp\/v2\/comments?post=10073"}],"version-history":[{"count":1,"href":"https:\/\/www.aersp.pt\/portal\/wp-json\/wp\/v2\/pages\/10073\/revisions"}],"predecessor-version":[{"id":10074,"href":"https:\/\/www.aersp.pt\/portal\/wp-json\/wp\/v2\/pages\/10073\/revisions\/10074"}],"wp:attachment":[{"href":"https:\/\/www.aersp.pt\/portal\/wp-json\/wp\/v2\/media?parent=10073"}],"curies":[{"name":"wp","href":"https:\/\/api.w.org\/{rel}","templated":true}]}}