{"id":10056,"date":"2026-02-23T16:31:04","date_gmt":"2026-02-23T16:31:04","guid":{"rendered":"https:\/\/www.aersp.pt\/portal\/?page_id=10056"},"modified":"2026-02-23T16:32:38","modified_gmt":"2026-02-23T16:32:38","slug":"secretaria","status":"publish","type":"page","link":"https:\/\/www.aersp.pt\/portal\/secretaria\/","title":{"rendered":"Secretaria"},"content":{"rendered":"\n<p><strong>SERVI\u00c7OS\u00a0ADMINISTRATIVOS<\/strong><\/p>\n\n\n\n<div style=\"height:48px\" aria-hidden=\"true\" class=\"wp-block-spacer\"><\/div>\n\n\n\n<p><strong>HOR\u00c1RIO de abertura ao P\u00daBLICO<\/strong><\/p>\n\n\n\n<p>Manh\u00e3: 09:00 \u2013 13:30<\/p>\n\n\n\n<p>Tarde: 14:00 \u2013 16:00<\/p>\n","protected":false},"excerpt":{"rendered":"<p>SERVI\u00c7OS\u00a0ADMINISTRATIVOS HOR\u00c1RIO de abertura ao P\u00daBLICO Manh\u00e3: 09:00 \u2013 13:30 Tarde: 14:00 \u2013 16:00<\/p>\n","protected":false},"author":1,"featured_media":0,"parent":0,"menu_order":0,"comment_status":"closed","ping_status":"closed","template":"","meta":{"_uag_custom_page_level_css":"","_themeisle_gutenberg_block_has_review":false,"footnotes":""},"class_list":["post-10056","page","type-page","status-publish","hentry"],"uagb_featured_image_src":{"full":false,"thumbnail":false,"medium":false,"medium_large":false,"large":false,"1536x1536":false,"2048x2048":false,"320w":false,"480w":false,"800w":false},"uagb_author_info":{"display_name":"admin","author_link":"https:\/\/www.aersp.pt\/portal\/author\/admin\/"},"uagb_comment_info":0,"uagb_excerpt":"SERVI\u00c7OS\u00a0ADMINISTRATIVOS HOR\u00c1RIO de abertura ao P\u00daBLICO Manh\u00e3: 09:00 \u2013 13:30 Tarde: 14:00 \u2013 16:00","_links":{"self":[{"href":"https:\/\/www.aersp.pt\/portal\/wp-json\/wp\/v2\/pages\/10056","targetHints":{"allow":["GET"]}}],"collection":[{"href":"https:\/\/www.aersp.pt\/portal\/wp-json\/wp\/v2\/pages"}],"about":[{"href":"https:\/\/www.aersp.pt\/portal\/wp-json\/wp\/v2\/types\/page"}],"author":[{"embeddable":true,"href":"https:\/\/www.aersp.pt\/portal\/wp-json\/wp\/v2\/users\/1"}],"replies":[{"embeddable":true,"href":"https:\/\/www.aersp.pt\/portal\/wp-json\/wp\/v2\/comments?post=10056"}],"version-history":[{"count":4,"href":"https:\/\/www.aersp.pt\/portal\/wp-json\/wp\/v2\/pages\/10056\/revisions"}],"predecessor-version":[{"id":10061,"href":"https:\/\/www.aersp.pt\/portal\/wp-json\/wp\/v2\/pages\/10056\/revisions\/10061"}],"wp:attachment":[{"href":"https:\/\/www.aersp.pt\/portal\/wp-json\/wp\/v2\/media?parent=10056"}],"curies":[{"name":"wp","href":"https:\/\/api.w.org\/{rel}","templated":true}]}}