{"id":10050,"date":"2026-02-23T16:12:19","date_gmt":"2026-02-23T16:12:19","guid":{"rendered":"https:\/\/www.aersp.pt\/portal\/?page_id=10050"},"modified":"2026-03-08T21:05:43","modified_gmt":"2026-03-08T21:05:43","slug":"provas-e-exames","status":"publish","type":"page","link":"https:\/\/www.aersp.pt\/portal\/provas-e-exames\/","title":{"rendered":"Provas e Exames"},"content":{"rendered":"\n<h2 class=\"wp-block-heading\">\u2234\u00a0\u00a0\u00a0Guia Geral Exames -2026   \u2234<\/h2>\n\n\n\n<div data-wp-interactive=\"core\/file\" class=\"wp-block-file\"><object data-wp-bind--hidden=\"!state.hasPdfPreview\" hidden class=\"wp-block-file__embed\" data=\"https:\/\/www.aersp.pt\/portal\/wp-content\/uploads\/2026\/03\/GuiaGeralExames2026_260307_133506.pdf\" type=\"application\/pdf\" style=\"width:100%;height:600px\" aria-label=\"Incorpora\u00e7\u00e3o de Guia Geral Exames 2026.\"><\/object><a id=\"wp-block-file--media-1150c3b6-5fcd-4fdc-b40a-36fc10834ddd\" href=\"https:\/\/www.aersp.pt\/portal\/wp-content\/uploads\/2026\/03\/GuiaGeralExames2026_260307_133506.pdf\">Guia Geral Exames 2026<\/a><a href=\"https:\/\/www.aersp.pt\/portal\/wp-content\/uploads\/2026\/03\/GuiaGeralExames2026_260307_133506.pdf\" class=\"wp-block-file__button wp-element-button\" download aria-describedby=\"wp-block-file--media-1150c3b6-5fcd-4fdc-b40a-36fc10834ddd\">Descarregar<\/a><\/div>\n\n\n\n<div style=\"height:82px\" aria-hidden=\"true\" class=\"wp-block-spacer\"><\/div>\n\n\n\n<h2 class=\"wp-block-heading\">\u2234\u00a0\u00a0\u00a0Provas e Exames do Ensino B\u00e1sico e Ensino Secund\u00e1rio &#8211; 2025 \/ 2026 \u2234<\/h2>\n\n\n<div class=\"wp-block-image\">\n<figure class=\"aligncenter size-full\"><img fetchpriority=\"high\" decoding=\"async\" width=\"738\" height=\"443\" src=\"https:\/\/www.aersp.pt\/portal\/wp-content\/uploads\/2026\/03\/image.png\" alt=\"\" class=\"wp-image-10131\" srcset=\"https:\/\/www.aersp.pt\/portal\/wp-content\/uploads\/2026\/03\/image.png 738w, https:\/\/www.aersp.pt\/portal\/wp-content\/uploads\/2026\/03\/image-300x180.png 300w, https:\/\/www.aersp.pt\/portal\/wp-content\/uploads\/2026\/03\/image-320x192.png 320w, https:\/\/www.aersp.pt\/portal\/wp-content\/uploads\/2026\/03\/image-480x288.png 480w\" sizes=\"(max-width: 738px) 100vw, 738px\" \/><\/figure><\/div>\n\n\n<p>Link: <a href=\"https:\/\/www.dge.mec.pt\/sites\/default\/files\/JNE\/despacho_3_2026_de_23_de_fev_2026_regulamento.pdf\">Despacho Normativo n.\u00ba 3\/2026<\/a><\/p>\n\n\n\n<div style=\"height:80px\" aria-hidden=\"true\" class=\"wp-block-spacer\"><\/div>\n\n\n\n<h2 class=\"wp-block-heading\">\u2234&nbsp;&nbsp;&nbsp;Provas de Avalia\u00e7\u00e3o Externa 2025 \/ 2026 \u2234<\/h2>\n\n\n<div class=\"wp-block-image\">\n<figure class=\"aligncenter size-large\"><a href=\"https:\/\/www.aersp.pt\/portal\/wp-content\/uploads\/2025\/06\/image-1.png\"><img decoding=\"async\" width=\"1024\" height=\"570\" src=\"https:\/\/www.aersp.pt\/portal\/wp-content\/uploads\/2025\/06\/image-1-1024x570.png\" alt=\"\" class=\"wp-image-9554\" srcset=\"https:\/\/www.aersp.pt\/portal\/wp-content\/uploads\/2025\/06\/image-1-1024x570.png 1024w, https:\/\/www.aersp.pt\/portal\/wp-content\/uploads\/2025\/06\/image-1-300x167.png 300w, https:\/\/www.aersp.pt\/portal\/wp-content\/uploads\/2025\/06\/image-1-768x428.png 768w, https:\/\/www.aersp.pt\/portal\/wp-content\/uploads\/2025\/06\/image-1-320x178.png 320w, https:\/\/www.aersp.pt\/portal\/wp-content\/uploads\/2025\/06\/image-1-480x267.png 480w, https:\/\/www.aersp.pt\/portal\/wp-content\/uploads\/2025\/06\/image-1-800x446.png 800w, https:\/\/www.aersp.pt\/portal\/wp-content\/uploads\/2025\/06\/image-1.png 1506w\" sizes=\"(max-width: 1024px) 100vw, 1024px\" \/><\/a><\/figure><\/div>\n\n\n<p>(*) A realiza\u00e7\u00e3o de provas no turno 2 efetua-se nos termos previstos no regulamento.<\/p>\n\n\n<div class=\"wp-block-image\">\n<figure class=\"aligncenter size-large\"><a href=\"https:\/\/www.aersp.pt\/portal\/wp-content\/uploads\/2025\/06\/image-3.png\"><img decoding=\"async\" width=\"1024\" height=\"444\" src=\"https:\/\/www.aersp.pt\/portal\/wp-content\/uploads\/2025\/06\/image-3-1024x444.png\" alt=\"\" class=\"wp-image-9556\" srcset=\"https:\/\/www.aersp.pt\/portal\/wp-content\/uploads\/2025\/06\/image-3-1024x444.png 1024w, https:\/\/www.aersp.pt\/portal\/wp-content\/uploads\/2025\/06\/image-3-300x130.png 300w, https:\/\/www.aersp.pt\/portal\/wp-content\/uploads\/2025\/06\/image-3-768x333.png 768w, https:\/\/www.aersp.pt\/portal\/wp-content\/uploads\/2025\/06\/image-3-320x139.png 320w, https:\/\/www.aersp.pt\/portal\/wp-content\/uploads\/2025\/06\/image-3-480x208.png 480w, https:\/\/www.aersp.pt\/portal\/wp-content\/uploads\/2025\/06\/image-3-800x347.png 800w, https:\/\/www.aersp.pt\/portal\/wp-content\/uploads\/2025\/06\/image-3.png 1506w\" sizes=\"(max-width: 1024px) 100vw, 1024px\" \/><\/a><\/figure><\/div>\n\n<div class=\"wp-block-image\">\n<figure class=\"aligncenter size-large\"><a href=\"https:\/\/www.aersp.pt\/portal\/wp-content\/uploads\/2025\/06\/image-4.png\"><img loading=\"lazy\" decoding=\"async\" width=\"1024\" height=\"629\" src=\"https:\/\/www.aersp.pt\/portal\/wp-content\/uploads\/2025\/06\/image-4-1024x629.png\" alt=\"\" class=\"wp-image-9557\" srcset=\"https:\/\/www.aersp.pt\/portal\/wp-content\/uploads\/2025\/06\/image-4-1024x629.png 1024w, https:\/\/www.aersp.pt\/portal\/wp-content\/uploads\/2025\/06\/image-4-300x184.png 300w, https:\/\/www.aersp.pt\/portal\/wp-content\/uploads\/2025\/06\/image-4-768x472.png 768w, https:\/\/www.aersp.pt\/portal\/wp-content\/uploads\/2025\/06\/image-4-320x196.png 320w, https:\/\/www.aersp.pt\/portal\/wp-content\/uploads\/2025\/06\/image-4-480x295.png 480w, https:\/\/www.aersp.pt\/portal\/wp-content\/uploads\/2025\/06\/image-4-800x491.png 800w, https:\/\/www.aersp.pt\/portal\/wp-content\/uploads\/2025\/06\/image-4.png 1474w\" sizes=\"(max-width: 1024px) 100vw, 1024px\" \/><\/a><\/figure><\/div>\n\n\n<p>Per\u00edodo de aplica\u00e7\u00e3o da componente de produ\u00e7\u00e3o e intera\u00e7\u00e3o orais das L\u00ednguas Estrangeiras: de 16 de junho a 26 de junho.<\/p>\n\n\n\n<p>Afixa\u00e7\u00e3o de pautas: 14 de julho.<\/p>\n\n\n\n<p>Afixa\u00e7\u00e3o dos resultados dos processos de reaprecia\u00e7\u00e3o: 6 de agosto.<\/p>\n\n\n<div class=\"wp-block-image\">\n<figure class=\"aligncenter size-large\"><a href=\"https:\/\/www.aersp.pt\/portal\/wp-content\/uploads\/2025\/06\/image-5.png\"><img loading=\"lazy\" decoding=\"async\" width=\"1024\" height=\"459\" src=\"https:\/\/www.aersp.pt\/portal\/wp-content\/uploads\/2025\/06\/image-5-1024x459.png\" alt=\"\" class=\"wp-image-9558\" srcset=\"https:\/\/www.aersp.pt\/portal\/wp-content\/uploads\/2025\/06\/image-5-1024x459.png 1024w, https:\/\/www.aersp.pt\/portal\/wp-content\/uploads\/2025\/06\/image-5-300x134.png 300w, https:\/\/www.aersp.pt\/portal\/wp-content\/uploads\/2025\/06\/image-5-768x344.png 768w, https:\/\/www.aersp.pt\/portal\/wp-content\/uploads\/2025\/06\/image-5-320x143.png 320w, https:\/\/www.aersp.pt\/portal\/wp-content\/uploads\/2025\/06\/image-5-480x215.png 480w, https:\/\/www.aersp.pt\/portal\/wp-content\/uploads\/2025\/06\/image-5-800x358.png 800w, https:\/\/www.aersp.pt\/portal\/wp-content\/uploads\/2025\/06\/image-5.png 1469w\" sizes=\"(max-width: 1024px) 100vw, 1024px\" \/><\/a><\/figure><\/div>\n\n\n<p>Per\u00edodo de aplica\u00e7\u00e3o da componente de produ\u00e7\u00e3o e intera\u00e7\u00e3o orais das L\u00ednguas Estrangeiras e de PLNM: de 16 de julho a 23 de julho.<\/p>\n\n\n\n<p>Afixa\u00e7\u00e3o de pautas: 5 de agosto.<\/p>\n\n\n\n<p>Afixa\u00e7\u00e3o dos resultados dos processos de reaprecia\u00e7\u00e3o: 28 de agosto.<\/p>\n\n\n<div class=\"wp-block-image\">\n<figure class=\"aligncenter size-large\"><a href=\"https:\/\/www.aersp.pt\/portal\/wp-content\/uploads\/2025\/06\/image-6.png\"><img loading=\"lazy\" decoding=\"async\" width=\"1024\" height=\"266\" src=\"https:\/\/www.aersp.pt\/portal\/wp-content\/uploads\/2025\/06\/image-6-1024x266.png\" alt=\"\" class=\"wp-image-9559\" srcset=\"https:\/\/www.aersp.pt\/portal\/wp-content\/uploads\/2025\/06\/image-6-1024x266.png 1024w, https:\/\/www.aersp.pt\/portal\/wp-content\/uploads\/2025\/06\/image-6-300x78.png 300w, https:\/\/www.aersp.pt\/portal\/wp-content\/uploads\/2025\/06\/image-6-768x199.png 768w, https:\/\/www.aersp.pt\/portal\/wp-content\/uploads\/2025\/06\/image-6-320x83.png 320w, https:\/\/www.aersp.pt\/portal\/wp-content\/uploads\/2025\/06\/image-6-480x125.png 480w, https:\/\/www.aersp.pt\/portal\/wp-content\/uploads\/2025\/06\/image-6-800x208.png 800w, https:\/\/www.aersp.pt\/portal\/wp-content\/uploads\/2025\/06\/image-6.png 1472w\" sizes=\"(max-width: 1024px) 100vw, 1024px\" \/><\/a><\/figure><\/div>\n\n\n<div style=\"height:177px\" aria-hidden=\"true\" class=\"wp-block-spacer\"><\/div>\n\n\n\n<h2 class=\"wp-block-heading\">\u2234&nbsp;&nbsp;&nbsp;Provas de Avalia\u00e7\u00e3o Externa 2024 \/ 2025 \u2234<\/h2>\n\n\n\n<p>NORMA 02\/JNE\/2025 \u2013 Instru\u00e7\u00f5es para Realiza\u00e7\u00e3o Classifica\u00e7\u00e3o | Reaprecia\u00e7\u00e3o &#8211; Reclama\u00e7\u00e3o: Provas e Exames do Ensino B\u00e1sico e do Ensino Secund\u00e1rio CLIQUE AQUI<\/p>\n\n\n\n<p>Requerimentos &#8211; Provas Finais e Exames Finais Nacionais 2025<\/p>\n\n\n\n<p><strong>Modelo 02<\/strong>&nbsp;&#8211;&nbsp;<a href=\"https:\/\/www.dge.mec.pt\/sites\/default\/files\/JNE\/modelo_02_2025e.pdf\" target=\"_blank\" rel=\"noreferrer noopener\">Requerimento para Altera\u00e7\u00e3o de Escola<\/a><br><strong>Modelo 09<\/strong>&nbsp;&#8211;&nbsp;<a href=\"https:\/\/www.dge.mec.pt\/sites\/default\/files\/JNE\/modelo_09_2025e.pdf\" target=\"_blank\" rel=\"noreferrer noopener\">Requerimento para consulta da prova<\/a><br><strong>Modelo 10<\/strong>&nbsp;&#8211;&nbsp;<a href=\"https:\/\/www.dge.mec.pt\/sites\/default\/files\/JNE\/modelo_10_2025e.pdf\" target=\"_blank\" rel=\"noreferrer noopener\">Requerimento para retifica\u00e7\u00e3o das cota\u00e7\u00f5es<\/a><br><strong>Modelo 11<\/strong> &#8211;&nbsp;<a href=\"https:\/\/www.dge.mec.pt\/sites\/default\/files\/JNE\/modelo_11_2025e_novo.pdf\" target=\"_blank\" rel=\"noreferrer noopener\">Requerimento para reaprecia\u00e7\u00e3o n\u00e3o autom\u00e1tica de prova final&nbsp;<\/a><br><strong>Modelo 12<\/strong>&nbsp;&#8211;&nbsp;<a href=\"https:\/\/www.dge.mec.pt\/sites\/default\/files\/JNE\/modelo_12_2025e.pdf\" target=\"_blank\" rel=\"noreferrer noopener\">Requerimento para reaprecia\u00e7\u00e3o de prova<\/a><br><strong>Modelo 12-A<\/strong>&nbsp;&#8211;&nbsp;<a href=\"https:\/\/www.dge.mec.pt\/sites\/default\/files\/JNE\/modelo_12_a_2025e_novo.pdf\" target=\"_blank\" rel=\"noreferrer noopener\">Alega\u00e7\u00e3o justificativa de reaprecia\u00e7\u00e3o de prova<\/a><br>Modelo 15&nbsp;&#8211;&nbsp;Requerimento para reclama\u00e7\u00e3o de prova final<br>Modelo 16&nbsp;&#8211;&nbsp;Requerimento para reclama\u00e7\u00e3o de prova<br>Modelo 16-A &#8211;&nbsp;Alega\u00e7\u00e3o justificativa de reclama\u00e7\u00e3o de prova<\/p>\n\n\n\n<p>Anexo I&nbsp;&nbsp;&#8211;&nbsp;<a href=\"https:\/\/www.dge.mec.pt\/sites\/default\/files\/JNE\/anexo_i_e.pdf\" target=\"_blank\" rel=\"noreferrer noopener\">Requerimento&nbsp;para realiza\u00e7\u00e3o de provas e ou exames em \u00e9poca especial por Aluno Praticante Desportivo de Alto Rendimento\/Sele\u00e7\u00e3o Naciona<\/a>l<\/p>\n\n\n\n<p>Anexo II&nbsp;&#8211;&nbsp;<a href=\"https:\/\/www.dge.mec.pt\/sites\/default\/files\/JNE\/anexo_ii_e.pdf\" target=\"_blank\" rel=\"noreferrer noopener\">Requerimento&nbsp;para realiza\u00e7\u00e3o de provas e ou exames em&nbsp;escola diferente da frequentada por Aluno Praticante Desportivo de Alto Rendimento\/Sele\u00e7\u00e3o Nacional<\/a><\/p>\n\n\n\n<p>Anexo III &#8211;&nbsp;<a href=\"https:\/\/www.dge.mec.pt\/sites\/default\/files\/JNE\/anexo_iii_e.pdf\" target=\"_blank\" rel=\"noreferrer noopener\">Confirma\u00e7\u00e3o para a realiza\u00e7\u00e3o de provas e exames em \u00e9poca especial (exclusivo para aluno&nbsp;Praticante&nbsp;Desportivo de Alto Rendimento\/Sele\u00e7\u00e3o&nbsp;Nacional&nbsp;que realizou&nbsp;na 2.\u00aa Fase provas e ou exames com<\/a><\/p>\n","protected":false},"excerpt":{"rendered":"<p>\u2234\u00a0\u00a0\u00a0Guia Geral Exames -2026 \u2234 \u2234\u00a0\u00a0\u00a0Provas e Exames do Ensino B\u00e1sico e Ensino Secund\u00e1rio &#8211; 2025 \/ 2026 \u2234 Link: Despacho Normativo n.\u00ba 3\/2026 \u2234&nbsp;&nbsp;&nbsp;Provas&hellip;<\/p>\n","protected":false},"author":1,"featured_media":0,"parent":0,"menu_order":0,"comment_status":"closed","ping_status":"closed","template":"","meta":{"_uag_custom_page_level_css":"","_themeisle_gutenberg_block_has_review":false,"footnotes":""},"class_list":["post-10050","page","type-page","status-publish","hentry"],"uagb_featured_image_src":{"full":false,"thumbnail":false,"medium":false,"medium_large":false,"large":false,"1536x1536":false,"2048x2048":false,"320w":false,"480w":false,"800w":false},"uagb_author_info":{"display_name":"admin","author_link":"https:\/\/www.aersp.pt\/portal\/author\/admin\/"},"uagb_comment_info":0,"uagb_excerpt":"\u2234\u00a0\u00a0\u00a0Guia Geral Exames -2026 \u2234 \u2234\u00a0\u00a0\u00a0Provas e Exames do Ensino B\u00e1sico e Ensino Secund\u00e1rio &#8211; 2025 \/ 2026 \u2234 Link: Despacho Normativo n.\u00ba 3\/2026 \u2234&nbsp;&nbsp;&nbsp;Provas&hellip;","_links":{"self":[{"href":"https:\/\/www.aersp.pt\/portal\/wp-json\/wp\/v2\/pages\/10050","targetHints":{"allow":["GET"]}}],"collection":[{"href":"https:\/\/www.aersp.pt\/portal\/wp-json\/wp\/v2\/pages"}],"about":[{"href":"https:\/\/www.aersp.pt\/portal\/wp-json\/wp\/v2\/types\/page"}],"author":[{"embeddable":true,"href":"https:\/\/www.aersp.pt\/portal\/wp-json\/wp\/v2\/users\/1"}],"replies":[{"embeddable":true,"href":"https:\/\/www.aersp.pt\/portal\/wp-json\/wp\/v2\/comments?post=10050"}],"version-history":[{"count":4,"href":"https:\/\/www.aersp.pt\/portal\/wp-json\/wp\/v2\/pages\/10050\/revisions"}],"predecessor-version":[{"id":10137,"href":"https:\/\/www.aersp.pt\/portal\/wp-json\/wp\/v2\/pages\/10050\/revisions\/10137"}],"wp:attachment":[{"href":"https:\/\/www.aersp.pt\/portal\/wp-json\/wp\/v2\/media?parent=10050"}],"curies":[{"name":"wp","href":"https:\/\/api.w.org\/{rel}","templated":true}]}}